ided by 150.
140
What is the remainder when 580 is divided by 45?
40
What is the remainder when 178 is divided by 46?
40
Calculate the remainder when 63 is divided by 21.
0
What is the remainder when 15587 is divided by 9?
8
What is the remainder when 898 is divided by 50?
48
Calculate the remainder when 640 is divided by 224.
192
Calculate the remainder when 110 is divided by 66.
44
Calculate the remainder when 39046 is divided by 25.
21
What is the remainder when 134 is divided by 124?
10
Calculate the remainder when 957 is divided by 24.
21
What is the remainder when 492 is divided by 62?
58
What is the remainder when 1258 is divided by 113?
15
Calculate the remainder when 571 is divided by 52.
51
Calculate the remainder when 537 is divided by 62.
41
Calculate the remainder when 30 is divided by 18.
12
What is the remainder when 722 is divided by 57?
38
Calculate the remainder when 2039 is divided by 13.
11
Calculate the remainder when 2832 is divided by 63.
60
Calculate the remainder when 377 is divided by 21.
20
Calculate the remainder when 856 is divided by 14.
2
Calculate the remainder when 16867 is divided by 359.
353
Calculate the remainder when 1157 is divided by 61.
59
What is the remainder when 634 is divided by 5?
4
Calculate the remainder when 2339 is divided by 82.
43
Calculate the remainder when 230 is divided by 130.
100
What is the remainder when 179 is divided by 14?
11
What is the remainder when 189 is divided by 35?
14
What is the remainder when 549 is divided by 63?
45
What is the remainder when 415 is divided by 79?
20
What is the remainder when 2757 is divided by 31?
29
Calculate the remainder when 7122 is divided by 22.
16
Calculate the remainder when 48 is divided by 30.
18
Calculate the remainder when 337 is divided by 9.
4
Calculate the remainder when 581 is divided by 146.
143
Calculate the remainder when 29230 is divided by 406.
404
Calculate the remainder when 580 is divided by 121.
96
Calculate the remainder when 876 is divided by 876.
0
Calculate the remainder when 5782 is divided by 5776.
6
Calculate the remainder when 291 is divided by 59.
55
Calculate the remainder when 1041 is divided by 509.
23
What is the remainder when 763 is divided by 55?
48
Calculate the remainder when 916 is divided by 798.
118
What is the remainder when 714 is divided by 5?
4
Calculate the remainder when 2292 is divided by 31.
29
Calculate the remainder when 4213 is divided by 4196.
17
What is the remainder when 1546 is divided by 509?
19
Calculate the remainder when 284 is divided by 42.
32
What is the remainder when 711 is divided by 34?
31
Calculate the remainder when 911 is divided by 40.
31
What is the remainder when 231 is divided by 64?
39
Calculate the remainder when 12013 is divided by 267.
265
Calculate the remainder when 161 is divided by 42.
35
What is the remainder when 229 is divided by 77?
75
What is the remainder when 2028 is divided by 18?
12
What is the remainder when 230 is divided by 6?
2
What is the remainder when 159 is divided by 27?
24
What is the remainder when 554 is divided by 80?
74
Calculate the remainder when 106 is divided by 28.
22
What is the remainder when 792 is divided by 53?
50
Calculate the remainder when 152 is divided by 8.
0
Calculate the remainder when 380 is divided by 124.
8
What is the remainder when 188 is divided by 49?
41
Calculate the remainder when 602 is divided by 197.
11
Calculate the remainder when 749 is divided by 94.
91
Calculate the remainder when 207 is divided by 2.
1
Calculate the remainder when 16 is divided by 6.
4
Calculate the remainder when 234 is divided by 81.
72
What is the remainder when 1011 is divided by 205?
191
Calculate the remainder when 68 is divided by 33.
2
Calculate the remainder when 59 is divided by 22.
15
Calculate the remainder when 5774 is divided by 1153.
9
What is the remainder when 626 is divided by 10?
6
What is the remainder when 1074 is divided by 351?
21
Calculate the remainder when 1350 is divided by 33.
30
Calculate the remainder when 456 is divided by 21.
15
Calculate the remainder when 179 is divided by 67.
45
What is the remainder when 277 is divided by 20?
17
Calculate the remainder when 5221 is divided by 134.
129
Calculate the remainder when 310 is divided by 32.
22
What is the remainder when 6819 is divided by 124?
123
Calculate the remainder when 337 is divided by 32.
17
What is the remainder when 10 is divided by 4?
2
Calculate the remainder when 615 is divided by 66.
21
What is the remainder when 677 is divided by 136?
133
What is the remainder when 282 is divided by 42?
30
What is the remainder when 352 is divided by 91?
79
Calculate the remainder when 489 is divided by 41.
38
Calculate the remainder when 83 is divided by 28.
27
Calculate the remainder when 729 is divided by 667.
62
What is the remainder when 1503 is divided by 151?
144
Calculate the remainder when 1371 is divided by 9.
3
What is the remainder when 495 is divided by 8?
7
What is the remainder when 206 is divided by 103?
0
Calculate the remainder when 260 is divided by 28.
8
What is the remainder when 13997 is divided by 200?
197
Calculate the remainder when 1629 is divided by 19.
14
Calculate the remainder when 88 is divided by 5.
3
What is the remainder when 122 is divided by 32?
26
What is the remainder when 38 is divided by 28?
10
What is the remainder when 851 is divided by 62?
45
Calculate the remainder when 1450 is divided by 132.
130
Calculate the remainder when 180 is divided by 14.
12
What is the remainder when 187 is divided by 38?
35
What is the remainder when 462 is divided by 58?
56
Calculate the remainder when 8526 is divided by 26.
24
Calculate the remainder when 433 is divided by 88.
81
Calculate the remainder when 457 is divided by 118.
103
What is the remainder when 118 is divided by 25?
18
Calculate the remainder when 244 is divided by 19.
16
What is the remainder when 554 is divided by 106?
24
Calculate the remainder when 1021 is divided by 14.
13
What is the remainder when 496 is divided by 83?
81
What is the remainder when 3249 is divided by 12?
9
Calculate the remainder when 164 is divided by 49.
17
What is the remainder when 6704 is divided by 149?
148
Calculate the remainder when 140 is divided by 42.
14
Calculate the remainder when 1449 is divided by 26.
19
What is the remainder when 110 is divided by 27?
2
What is the remainder when 397 is divided by 8?
5
What is the remainder when 58 is divided by 19?
1
What is the remainder when 84 is divided by 31?
22
Calculate the remainder when 504 is divided by 481.
23
Calculate the remainder when 1580 is divided by 26.
20
Calculate the remainder when 881 is divided by 71.
29
What is the remainder when 846 is divided by 77?
76
Calculate the remainder when 327 is divided by 23.
5
Calculate the remainder when 143 is divided by 63.
17
What is the remainder when 45 is divided by 33?
12
Calculate the remainder when 705 is divided by 12.
9
What is the remainder when 609 is divided by 203?
0
Calculate the remainder when 2763 is divided by 307.
0
What is the remainder when 9314 is divided by 115?
114
Calculate the remainder when 7895 is divided by 197.
15
Calculate the remainder when 686 is divided by 86.
84
What is the remainder when 8164 is divided by 2716?
16
What is the remainder when 11 is divided by 4?
3
What is the remainder when 374 is divided by 163?
48
Calculate the remainder when 1717 is divided by 86.
83
What is the remainder when 164 is divided by 75?
14
Calculate the remainder when 87 is divided by 31.
25
Calculate the remainder when 985 is divided by 22.
17
What is the remainder when 134 is divided by 111?
23
Calculate the remainder when 102 is divided by 27.
21
Calculate the remainder when 54612 is divided by 13.
12
What is the remainder when 589 is divided by 295?
294
What is the remainder when 1714 is divided by 39?
37
What is the remainder when 6284 is divided by 15?
14
What is the remainder when 384 is divided by 125?
9
What is the remainder when 174 is divided by 30?
24
What is the remainder when 299 is divided by 161?
138
Calculate the remainder when 1031 is divided by 256.
7
What is the remainder when 94 is divided by 21?
10
What is the remainder when 87 is divided by 14?
3
Cal